{"id":1340454,"date":"2023-04-20T11:58:08","date_gmt":"2023-04-20T18:58:08","guid":{"rendered":"https:\/\/elboton.com\/?page_id=1340454"},"modified":"2023-11-28T12:00:47","modified_gmt":"2023-11-28T20:00:47","slug":"hits-del-pop","status":"publish","type":"page","link":"https:\/\/elboton.com\/landing\/hits-del-pop\/","title":{"rendered":"Hits del pop"},"content":{"rendered":"<div id=\"player_origin\" class=\"radio-player-container\">\n<div class=\"player-cover\">\n\t\t\t<img decoding=\"async\" src=\"https:\/\/elboton.com\/wp-content\/uploads\/sites\/6\/2023\/11\/Hits-POP-80s-y-90s-Preview-image-1x1-without-background.png\" alt=\"\" \/>\n\t\t<\/div>\n<div id=\"radio-player-status\" class=\"\"><\/div>\n<div class=\"radio-info v3\">\n<div class=\"radio-info-wrapper\">\n<div class=\"radio-player-features\">\n<p id=\"td-radio-title\" class=\"radio-player-title\">Hits Pop de los <br \/>80 y 90<\/p>\n<p id=\"td-track-title\" class=\"radio-player-title\">\n<p class=\"radio-player-info\">Hits 80s y 90s<\/p>\n<\/p><\/div>\n<a href=\"javascript:void(0)\" id=\"td-button-player\" class=\"td-uniplayer-control\" data-station=\"SPTA_S01\" data-title=\"Hits Pop de los 80 y 90\" data-poster=\"https:\/\/elboton.com\/wp-content\/uploads\/sites\/6\/2023\/11\/Hits-pop-80-90-Square.jpg\" data-triton-thepermalink=\"https:\/\/elboton.com\/landing\/hits-del-pop\/\" data-type=\"type_playlist\"> Play <div style=\"display: none;\" class=\"player-loader center\"><span><\/span><\/div><\/a><\/div>\n<\/p><\/div>\n<\/div>\n<div class=\"radio-info\">\n<div class=\"radio-info-wrapper\">\n\t\t<div class=\"social-share\"><button role=\"switch\">Share<\/button><ul><li class=\"social-share-facebook\"><a href=\"https:\/\/www.facebook.com\/dialog\/share?app_id=194671771969828&#038;display=popup&#038;href=https%3A%2F%2Felboton.com%2Flanding%2Fhits-del-pop%2F\" data-social-provider=\"facebook\" target=\"_blank\">Share with Facebook<\/a><\/li><li class=\"social-share-twitter\"><a href=\"https:\/\/twitter.com\/intent\/tweet?url=https%3A%2F%2Felboton.com%2Flanding%2Fhits-del-pop%2F\" data-social-provider=\"twitter\" target=\"_blank\">Share with Twitter<\/a><\/li><\/ul><div id=\"social-copy-link\"><input id=\"social-input-copy-link\" type=\"text\" readonly=\"readonly\" value=\"https:\/\/elboton.com\/landing\/hits-del-pop\/\"><a class=\"social-copy-link\" href=\"#\">Copy<\/a><\/div><\/div>\n\t<\/div>\n<\/div>\n<div id=\"td_synced_bigbox\" class=\"td_synced_bigbox\"><\/div>\n<p><!-- Companion 300x250 --><\/p>\n<div id=\"radio-track-list\" class=\"radio-track-list-container\">\n<div class=\"radio-track-list-wrapper\">\n<h2>\u00daltimas Canciones<\/h2>\n<ul id=\"td-radio-track-list\"><\/ul>\n<\/p><\/div>\n<\/div>\n","protected":false},"excerpt":{"rendered":"<p>Hits Pop de los 80 y 90 Hits 80s y 90s Play ShareShare with FacebookShare with TwitterCopy \u00daltimas Canciones<\/p>\n","protected":false},"author":14,"featured_media":1349065,"parent":0,"menu_order":0,"comment_status":"closed","ping_status":"closed","template":"custom-page-template-radio","meta":{"footnotes":""},"genre":[29],"languages":[],"internal":[2104],"class_list":["post-1340454","page","type-page","status-publish","has-post-thumbnail","hentry","genre-80-90-pop","internal-hits-pop","market-global"],"yoast_head":"<!-- This site is optimized with the Yoast SEO plugin v24.4 - https:\/\/yoast.com\/wordpress\/plugins\/seo\/ -->\n<title>Hits del pop - El Bot\u00f3n<\/title>\n<meta name=\"robots\" content=\"index, follow, max-snippet:-1, max-image-preview:large, max-video-preview:-1\" \/>\n<link rel=\"canonical\" href=\"https:\/\/elboton.com\/hits-del-pop\/\" \/>\n<meta property=\"og:locale\" content=\"es_ES\" \/>\n<meta property=\"og:type\" content=\"article\" \/>\n<meta property=\"og:title\" content=\"Hits del pop - El Bot\u00f3n\" \/>\n<meta property=\"og:description\" content=\"Hits Pop de los 80 y 90 Hits 80s y 90s Play ShareShare with FacebookShare with TwitterCopy \u00daltimas Canciones\" \/>\n<meta property=\"og:url\" content=\"https:\/\/elboton.com\/hits-del-pop\/\" \/>\n<meta property=\"og:site_name\" content=\"El Bot\u00f3n\" \/>\n<meta property=\"article:publisher\" content=\"https:\/\/www.facebook.com\/elbotonradio\/\" \/>\n<meta property=\"article:modified_time\" content=\"2023-11-28T20:00:47+00:00\" \/>\n<meta property=\"og:image\" content=\"https:\/\/elboton.com\/wp-content\/uploads\/sites\/6\/2023\/11\/Hits-pop-80-90-Square-jpg.webp\" \/>\n\t<meta property=\"og:image:width\" content=\"560\" \/>\n\t<meta property=\"og:image:height\" content=\"560\" \/>\n\t<meta property=\"og:image:type\" content=\"image\/jpeg\" \/>\n<meta name=\"twitter:card\" content=\"summary_large_image\" \/>\n<meta name=\"twitter:site\" content=\"@elbotonradio\" \/>\n<meta name=\"twitter:label1\" content=\"Est. reading time\" \/>\n\t<meta name=\"twitter:data1\" content=\"1 minuto\" \/>\n<script type=\"application\/ld+json\" class=\"yoast-schema-graph\">{\"@context\":\"https:\/\/schema.org\",\"@graph\":[{\"@type\":\"WebPage\",\"@id\":\"https:\/\/elboton.com\/hits-del-pop\/\",\"url\":\"https:\/\/elboton.com\/hits-del-pop\/\",\"name\":\"Hits del pop - El Bot\u00f3n\",\"isPartOf\":{\"@id\":\"https:\/\/elboton.com\/los-angeles\/#website\"},\"primaryImageOfPage\":{\"@id\":\"https:\/\/elboton.com\/hits-del-pop\/#primaryimage\"},\"image\":{\"@id\":\"https:\/\/elboton.com\/hits-del-pop\/#primaryimage\"},\"thumbnailUrl\":\"https:\/\/elboton.com\/wp-content\/uploads\/sites\/6\/2023\/11\/Hits-pop-80-90-Square-jpg.webp\",\"datePublished\":\"2023-04-20T18:58:08+00:00\",\"dateModified\":\"2023-11-28T20:00:47+00:00\",\"breadcrumb\":{\"@id\":\"https:\/\/elboton.com\/hits-del-pop\/#breadcrumb\"},\"inLanguage\":\"es\",\"potentialAction\":[{\"@type\":\"ReadAction\",\"target\":[\"https:\/\/elboton.com\/hits-del-pop\/\"]}]},{\"@type\":\"ImageObject\",\"inLanguage\":\"es\",\"@id\":\"https:\/\/elboton.com\/hits-del-pop\/#primaryimage\",\"url\":\"https:\/\/elboton.com\/wp-content\/uploads\/sites\/6\/2023\/11\/Hits-pop-80-90-Square-jpg.webp\",\"contentUrl\":\"https:\/\/elboton.com\/wp-content\/uploads\/sites\/6\/2023\/11\/Hits-pop-80-90-Square-jpg.webp\",\"width\":560,\"height\":560,\"caption\":\"Hits Pop 80 90 Square\"},{\"@type\":\"BreadcrumbList\",\"@id\":\"https:\/\/elboton.com\/hits-del-pop\/#breadcrumb\",\"itemListElement\":[{\"@type\":\"ListItem\",\"position\":1,\"name\":\"Home\",\"item\":\"https:\/\/elboton.com\/los-angeles\/\"},{\"@type\":\"ListItem\",\"position\":2,\"name\":\"Hits del pop\"}]},{\"@type\":\"WebSite\",\"@id\":\"https:\/\/elboton.com\/los-angeles\/#website\",\"url\":\"https:\/\/elboton.com\/los-angeles\/\",\"name\":\"El Bot\u00f3n\",\"description\":\"Toda la m\u00fasica latina y los mejores podcasts en espa\u00f1ol.\",\"publisher\":{\"@id\":\"https:\/\/elboton.com\/los-angeles\/#organization\"},\"potentialAction\":[{\"@type\":\"SearchAction\",\"target\":{\"@type\":\"EntryPoint\",\"urlTemplate\":\"https:\/\/elboton.com\/los-angeles\/?s={search_term_string}\"},\"query-input\":{\"@type\":\"PropertyValueSpecification\",\"valueRequired\":true,\"valueName\":\"search_term_string\"}}],\"inLanguage\":\"es\"},{\"@type\":\"Organization\",\"@id\":\"https:\/\/elboton.com\/los-angeles\/#organization\",\"name\":\"Entravision\",\"url\":\"https:\/\/elboton.com\/los-angeles\/\",\"logo\":{\"@type\":\"ImageObject\",\"inLanguage\":\"es\",\"@id\":\"https:\/\/elboton.com\/los-angeles\/#\/schema\/logo\/image\/\",\"url\":\"https:\/\/elboton.com\/wp-content\/uploads\/sites\/6\/2023\/10\/evc-e.png\",\"contentUrl\":\"https:\/\/elboton.com\/wp-content\/uploads\/sites\/6\/2023\/10\/evc-e.png\",\"width\":255,\"height\":208,\"caption\":\"Entravision\"},\"image\":{\"@id\":\"https:\/\/elboton.com\/los-angeles\/#\/schema\/logo\/image\/\"},\"sameAs\":[\"https:\/\/www.facebook.com\/elbotonradio\/\",\"https:\/\/x.com\/elbotonradio\",\"https:\/\/www.tiktok.com\/@elbotonmusica?lang=es\",\"https:\/\/www.instagram.com\/elbotonradio\/\"]}]}<\/script>\n<!-- \/ Yoast SEO plugin. -->","yoast_head_json":{"title":"Hits del pop - El Bot\u00f3n","robots":{"index":"index","follow":"follow","max-snippet":"max-snippet:-1","max-image-preview":"max-image-preview:large","max-video-preview":"max-video-preview:-1"},"canonical":"https:\/\/elboton.com\/hits-del-pop\/","og_locale":"es_ES","og_type":"article","og_title":"Hits del pop - El Bot\u00f3n","og_description":"Hits Pop de los 80 y 90 Hits 80s y 90s Play ShareShare with FacebookShare with TwitterCopy \u00daltimas Canciones","og_url":"https:\/\/elboton.com\/hits-del-pop\/","og_site_name":"El Bot\u00f3n","article_publisher":"https:\/\/www.facebook.com\/elbotonradio\/","article_modified_time":"2023-11-28T20:00:47+00:00","og_image":[{"width":560,"height":560,"url":"https:\/\/elboton.com\/wp-content\/uploads\/sites\/6\/2023\/11\/Hits-pop-80-90-Square-jpg.webp","type":"image\/jpeg"}],"twitter_card":"summary_large_image","twitter_site":"@elbotonradio","twitter_misc":{"Est. reading time":"1 minuto"},"schema":{"@context":"https:\/\/schema.org","@graph":[{"@type":"WebPage","@id":"https:\/\/elboton.com\/hits-del-pop\/","url":"https:\/\/elboton.com\/hits-del-pop\/","name":"Hits del pop - El Bot\u00f3n","isPartOf":{"@id":"https:\/\/elboton.com\/los-angeles\/#website"},"primaryImageOfPage":{"@id":"https:\/\/elboton.com\/hits-del-pop\/#primaryimage"},"image":{"@id":"https:\/\/elboton.com\/hits-del-pop\/#primaryimage"},"thumbnailUrl":"https:\/\/elboton.com\/wp-content\/uploads\/sites\/6\/2023\/11\/Hits-pop-80-90-Square-jpg.webp","datePublished":"2023-04-20T18:58:08+00:00","dateModified":"2023-11-28T20:00:47+00:00","breadcrumb":{"@id":"https:\/\/elboton.com\/hits-del-pop\/#breadcrumb"},"inLanguage":"es","potentialAction":[{"@type":"ReadAction","target":["https:\/\/elboton.com\/hits-del-pop\/"]}]},{"@type":"ImageObject","inLanguage":"es","@id":"https:\/\/elboton.com\/hits-del-pop\/#primaryimage","url":"https:\/\/elboton.com\/wp-content\/uploads\/sites\/6\/2023\/11\/Hits-pop-80-90-Square-jpg.webp","contentUrl":"https:\/\/elboton.com\/wp-content\/uploads\/sites\/6\/2023\/11\/Hits-pop-80-90-Square-jpg.webp","width":560,"height":560,"caption":"Hits Pop 80 90 Square"},{"@type":"BreadcrumbList","@id":"https:\/\/elboton.com\/hits-del-pop\/#breadcrumb","itemListElement":[{"@type":"ListItem","position":1,"name":"Home","item":"https:\/\/elboton.com\/los-angeles\/"},{"@type":"ListItem","position":2,"name":"Hits del pop"}]},{"@type":"WebSite","@id":"https:\/\/elboton.com\/los-angeles\/#website","url":"https:\/\/elboton.com\/los-angeles\/","name":"El Bot\u00f3n","description":"Toda la m\u00fasica latina y los mejores podcasts en espa\u00f1ol.","publisher":{"@id":"https:\/\/elboton.com\/los-angeles\/#organization"},"potentialAction":[{"@type":"SearchAction","target":{"@type":"EntryPoint","urlTemplate":"https:\/\/elboton.com\/los-angeles\/?s={search_term_string}"},"query-input":{"@type":"PropertyValueSpecification","valueRequired":true,"valueName":"search_term_string"}}],"inLanguage":"es"},{"@type":"Organization","@id":"https:\/\/elboton.com\/los-angeles\/#organization","name":"Entravision","url":"https:\/\/elboton.com\/los-angeles\/","logo":{"@type":"ImageObject","inLanguage":"es","@id":"https:\/\/elboton.com\/los-angeles\/#\/schema\/logo\/image\/","url":"https:\/\/elboton.com\/wp-content\/uploads\/sites\/6\/2023\/10\/evc-e.png","contentUrl":"https:\/\/elboton.com\/wp-content\/uploads\/sites\/6\/2023\/10\/evc-e.png","width":255,"height":208,"caption":"Entravision"},"image":{"@id":"https:\/\/elboton.com\/los-angeles\/#\/schema\/logo\/image\/"},"sameAs":["https:\/\/www.facebook.com\/elbotonradio\/","https:\/\/x.com\/elbotonradio","https:\/\/www.tiktok.com\/@elbotonmusica?lang=es","https:\/\/www.instagram.com\/elbotonradio\/"]}]}},"parsely":{"version":"1.1.0","canonical_url":"https:\/\/elboton.com\/landing\/hits-del-pop\/","smart_links":{"inbound":0,"outbound":0},"traffic_boost_suggestions_count":0,"meta":{"@context":"https:\/\/schema.org","@type":"WebPage","headline":"Hits del pop","url":"http:\/\/elboton.com\/landing\/hits-del-pop\/","mainEntityOfPage":{"@type":"WebPage","@id":"http:\/\/elboton.com\/landing\/hits-del-pop\/"},"thumbnailUrl":"https:\/\/elboton.com\/wp-content\/uploads\/sites\/6\/2023\/11\/Hits-pop-80-90-Square-jpg.webp?w=150&h=150&crop=1","image":{"@type":"ImageObject","url":"https:\/\/elboton.com\/wp-content\/uploads\/sites\/6\/2023\/11\/Hits-pop-80-90-Square-jpg.webp"},"articleSection":"Uncategorized","author":[{"@type":"Person","name":"agomez"}],"creator":["agomez"],"publisher":{"@type":"Organization","name":"El Bot\u00f3n","logo":""},"keywords":[],"dateCreated":"2023-04-20T18:58:08Z","datePublished":"2023-04-20T18:58:08Z","dateModified":"2023-11-28T20:00:47Z"},"rendered":"<script type=\"application\/ld+json\" class=\"wp-parsely-metadata\">{\"@context\":\"https:\\\/\\\/schema.org\",\"@type\":\"WebPage\",\"headline\":\"Hits del pop\",\"url\":\"http:\\\/\\\/elboton.com\\\/landing\\\/hits-del-pop\\\/\",\"mainEntityOfPage\":{\"@type\":\"WebPage\",\"@id\":\"http:\\\/\\\/elboton.com\\\/landing\\\/hits-del-pop\\\/\"},\"thumbnailUrl\":\"https:\\\/\\\/elboton.com\\\/wp-content\\\/uploads\\\/sites\\\/6\\\/2023\\\/11\\\/Hits-pop-80-90-Square-jpg.webp?w=150&h=150&crop=1\",\"image\":{\"@type\":\"ImageObject\",\"url\":\"https:\\\/\\\/elboton.com\\\/wp-content\\\/uploads\\\/sites\\\/6\\\/2023\\\/11\\\/Hits-pop-80-90-Square-jpg.webp\"},\"articleSection\":\"Uncategorized\",\"author\":[{\"@type\":\"Person\",\"name\":\"agomez\"}],\"creator\":[\"agomez\"],\"publisher\":{\"@type\":\"Organization\",\"name\":\"El Bot\\u00f3n\",\"logo\":\"\"},\"keywords\":[],\"dateCreated\":\"2023-04-20T18:58:08Z\",\"datePublished\":\"2023-04-20T18:58:08Z\",\"dateModified\":\"2023-11-28T20:00:47Z\"}<\/script>","tracker_url":"https:\/\/cdn.parsely.com\/keys\/elboton.com\/p.js"},"jetpack_sharing_enabled":true,"_links":{"self":[{"href":"https:\/\/elboton.com\/landing\/wp-json\/wp\/v2\/pages\/1340454","targetHints":{"allow":["GET"]}}],"collection":[{"href":"https:\/\/elboton.com\/landing\/wp-json\/wp\/v2\/pages"}],"about":[{"href":"https:\/\/elboton.com\/landing\/wp-json\/wp\/v2\/types\/page"}],"author":[{"embeddable":true,"href":"https:\/\/elboton.com\/landing\/wp-json\/wp\/v2\/users\/14"}],"replies":[{"embeddable":true,"href":"https:\/\/elboton.com\/landing\/wp-json\/wp\/v2\/comments?post=1340454"}],"version-history":[{"count":6,"href":"https:\/\/elboton.com\/landing\/wp-json\/wp\/v2\/pages\/1340454\/revisions"}],"predecessor-version":[{"id":1349067,"href":"https:\/\/elboton.com\/landing\/wp-json\/wp\/v2\/pages\/1340454\/revisions\/1349067"}],"wp:featuredmedia":[{"embeddable":true,"href":"https:\/\/elboton.com\/landing\/wp-json\/wp\/v2\/media\/1349065"}],"wp:attachment":[{"href":"https:\/\/elboton.com\/landing\/wp-json\/wp\/v2\/media?parent=1340454"}],"wp:term":[{"taxonomy":"genre","embeddable":true,"href":"https:\/\/elboton.com\/landing\/wp-json\/wp\/v2\/genre?post=1340454"},{"taxonomy":"languages","embeddable":true,"href":"https:\/\/elboton.com\/landing\/wp-json\/wp\/v2\/languages?post=1340454"},{"taxonomy":"internal","embeddable":true,"href":"https:\/\/elboton.com\/landing\/wp-json\/wp\/v2\/internal?post=1340454"}],"curies":[{"name":"wp","href":"https:\/\/api.w.org\/{rel}","templated":true}]}}