{"id":1349235,"date":"2024-01-08T10:16:42","date_gmt":"2024-01-08T18:16:42","guid":{"rendered":"https:\/\/elboton.com\/?page_id=1349235"},"modified":"2024-03-15T16:29:25","modified_gmt":"2024-03-15T23:29:25","slug":"top-40","status":"publish","type":"page","link":"https:\/\/elboton.com\/stockton-modesto\/top-40\/","title":{"rendered":"El Bot\u00f3n Top 40"},"content":{"rendered":"","protected":false},"excerpt":{"rendered":"","protected":false},"author":14,"featured_media":1349233,"parent":0,"menu_order":0,"comment_status":"closed","ping_status":"closed","template":"","meta":{"footnotes":""},"genre":[2697],"languages":[],"internal":[],"class_list":["post-1349235","page","type-page","status-publish","has-post-thumbnail","hentry","genre-lo-mas-tocado-de-usa","market-global"],"yoast_head":"<!-- This site is optimized with the Yoast SEO plugin v24.4 - https:\/\/yoast.com\/wordpress\/plugins\/seo\/ -->\n<title>El Bot\u00f3n Top 40 - El Bot\u00f3n<\/title>\n<meta name=\"description\" content=\"Lo m\u00e1s tocado de USA\" \/>\n<meta name=\"robots\" content=\"index, follow, max-snippet:-1, max-image-preview:large, max-video-preview:-1\" \/>\n<link rel=\"canonical\" href=\"https:\/\/elboton.com\/top-40\/\" \/>\n<meta property=\"og:locale\" content=\"es_ES\" \/>\n<meta property=\"og:type\" content=\"article\" \/>\n<meta property=\"og:title\" content=\"El Bot\u00f3n Top 40 - El Bot\u00f3n\" \/>\n<meta property=\"og:description\" content=\"Lo m\u00e1s tocado de USA\" \/>\n<meta property=\"og:url\" content=\"https:\/\/elboton.com\/top-40\/\" \/>\n<meta property=\"og:site_name\" content=\"El Bot\u00f3n\" \/>\n<meta property=\"article:publisher\" content=\"https:\/\/www.facebook.com\/elbotonradio\/\" \/>\n<meta property=\"article:modified_time\" content=\"2024-03-15T23:29:25+00:00\" \/>\n<meta property=\"og:image\" content=\"https:\/\/elboton.com\/wp-content\/uploads\/sites\/6\/2024\/01\/player-top40.png\" \/>\n\t<meta property=\"og:image:width\" content=\"700\" \/>\n\t<meta property=\"og:image:height\" content=\"700\" \/>\n\t<meta property=\"og:image:type\" content=\"image\/png\" \/>\n<meta name=\"twitter:card\" content=\"summary_large_image\" \/>\n<meta name=\"twitter:site\" content=\"@elbotonradio\" \/>\n<meta name=\"twitter:label1\" content=\"Est. reading time\" \/>\n\t<meta name=\"twitter:data1\" content=\"1 minuto\" \/>\n<script type=\"application\/ld+json\" class=\"yoast-schema-graph\">{\"@context\":\"https:\/\/schema.org\",\"@graph\":[{\"@type\":\"WebPage\",\"@id\":\"https:\/\/elboton.com\/top-40\/\",\"url\":\"https:\/\/elboton.com\/top-40\/\",\"name\":\"El Bot\u00f3n Top 40 - El Bot\u00f3n\",\"isPartOf\":{\"@id\":\"https:\/\/elboton.com\/los-angeles\/#website\"},\"primaryImageOfPage\":{\"@id\":\"https:\/\/elboton.com\/top-40\/#primaryimage\"},\"image\":{\"@id\":\"https:\/\/elboton.com\/top-40\/#primaryimage\"},\"thumbnailUrl\":\"https:\/\/elboton.com\/wp-content\/uploads\/sites\/6\/2024\/01\/player-top40.png\",\"datePublished\":\"2024-01-08T18:16:42+00:00\",\"dateModified\":\"2024-03-15T23:29:25+00:00\",\"description\":\"Lo m\u00e1s tocado de USA\",\"breadcrumb\":{\"@id\":\"https:\/\/elboton.com\/top-40\/#breadcrumb\"},\"inLanguage\":\"es\",\"potentialAction\":[{\"@type\":\"ReadAction\",\"target\":[\"https:\/\/elboton.com\/top-40\/\"]}]},{\"@type\":\"ImageObject\",\"inLanguage\":\"es\",\"@id\":\"https:\/\/elboton.com\/top-40\/#primaryimage\",\"url\":\"https:\/\/elboton.com\/wp-content\/uploads\/sites\/6\/2024\/01\/player-top40.png\",\"contentUrl\":\"https:\/\/elboton.com\/wp-content\/uploads\/sites\/6\/2024\/01\/player-top40.png\",\"width\":700,\"height\":700,\"caption\":\"Player Top40\"},{\"@type\":\"BreadcrumbList\",\"@id\":\"https:\/\/elboton.com\/top-40\/#breadcrumb\",\"itemListElement\":[{\"@type\":\"ListItem\",\"position\":1,\"name\":\"Home\",\"item\":\"https:\/\/elboton.com\/los-angeles\/\"},{\"@type\":\"ListItem\",\"position\":2,\"name\":\"El Bot\u00f3n Top 40\"}]},{\"@type\":\"WebSite\",\"@id\":\"https:\/\/elboton.com\/los-angeles\/#website\",\"url\":\"https:\/\/elboton.com\/los-angeles\/\",\"name\":\"El Bot\u00f3n\",\"description\":\"Toda la m\u00fasica latina y los mejores podcasts en espa\u00f1ol.\",\"publisher\":{\"@id\":\"https:\/\/elboton.com\/los-angeles\/#organization\"},\"potentialAction\":[{\"@type\":\"SearchAction\",\"target\":{\"@type\":\"EntryPoint\",\"urlTemplate\":\"https:\/\/elboton.com\/los-angeles\/?s={search_term_string}\"},\"query-input\":{\"@type\":\"PropertyValueSpecification\",\"valueRequired\":true,\"valueName\":\"search_term_string\"}}],\"inLanguage\":\"es\"},{\"@type\":\"Organization\",\"@id\":\"https:\/\/elboton.com\/los-angeles\/#organization\",\"name\":\"Entravision\",\"url\":\"https:\/\/elboton.com\/los-angeles\/\",\"logo\":{\"@type\":\"ImageObject\",\"inLanguage\":\"es\",\"@id\":\"https:\/\/elboton.com\/los-angeles\/#\/schema\/logo\/image\/\",\"url\":\"https:\/\/elboton.com\/wp-content\/uploads\/sites\/6\/2023\/10\/evc-e.png\",\"contentUrl\":\"https:\/\/elboton.com\/wp-content\/uploads\/sites\/6\/2023\/10\/evc-e.png\",\"width\":255,\"height\":208,\"caption\":\"Entravision\"},\"image\":{\"@id\":\"https:\/\/elboton.com\/los-angeles\/#\/schema\/logo\/image\/\"},\"sameAs\":[\"https:\/\/www.facebook.com\/elbotonradio\/\",\"https:\/\/x.com\/elbotonradio\",\"https:\/\/www.tiktok.com\/@elbotonmusica?lang=es\",\"https:\/\/www.instagram.com\/elbotonradio\/\"]}]}<\/script>\n<!-- \/ Yoast SEO plugin. -->","yoast_head_json":{"title":"El Bot\u00f3n Top 40 - El Bot\u00f3n","description":"Lo m\u00e1s tocado de USA","robots":{"index":"index","follow":"follow","max-snippet":"max-snippet:-1","max-image-preview":"max-image-preview:large","max-video-preview":"max-video-preview:-1"},"canonical":"https:\/\/elboton.com\/top-40\/","og_locale":"es_ES","og_type":"article","og_title":"El Bot\u00f3n Top 40 - El Bot\u00f3n","og_description":"Lo m\u00e1s tocado de USA","og_url":"https:\/\/elboton.com\/top-40\/","og_site_name":"El Bot\u00f3n","article_publisher":"https:\/\/www.facebook.com\/elbotonradio\/","article_modified_time":"2024-03-15T23:29:25+00:00","og_image":[{"width":700,"height":700,"url":"https:\/\/elboton.com\/wp-content\/uploads\/sites\/6\/2024\/01\/player-top40.png","type":"image\/png"}],"twitter_card":"summary_large_image","twitter_site":"@elbotonradio","twitter_misc":{"Est. reading time":"1 minuto"},"schema":{"@context":"https:\/\/schema.org","@graph":[{"@type":"WebPage","@id":"https:\/\/elboton.com\/top-40\/","url":"https:\/\/elboton.com\/top-40\/","name":"El Bot\u00f3n Top 40 - El Bot\u00f3n","isPartOf":{"@id":"https:\/\/elboton.com\/los-angeles\/#website"},"primaryImageOfPage":{"@id":"https:\/\/elboton.com\/top-40\/#primaryimage"},"image":{"@id":"https:\/\/elboton.com\/top-40\/#primaryimage"},"thumbnailUrl":"https:\/\/elboton.com\/wp-content\/uploads\/sites\/6\/2024\/01\/player-top40.png","datePublished":"2024-01-08T18:16:42+00:00","dateModified":"2024-03-15T23:29:25+00:00","description":"Lo m\u00e1s tocado de USA","breadcrumb":{"@id":"https:\/\/elboton.com\/top-40\/#breadcrumb"},"inLanguage":"es","potentialAction":[{"@type":"ReadAction","target":["https:\/\/elboton.com\/top-40\/"]}]},{"@type":"ImageObject","inLanguage":"es","@id":"https:\/\/elboton.com\/top-40\/#primaryimage","url":"https:\/\/elboton.com\/wp-content\/uploads\/sites\/6\/2024\/01\/player-top40.png","contentUrl":"https:\/\/elboton.com\/wp-content\/uploads\/sites\/6\/2024\/01\/player-top40.png","width":700,"height":700,"caption":"Player Top40"},{"@type":"BreadcrumbList","@id":"https:\/\/elboton.com\/top-40\/#breadcrumb","itemListElement":[{"@type":"ListItem","position":1,"name":"Home","item":"https:\/\/elboton.com\/los-angeles\/"},{"@type":"ListItem","position":2,"name":"El Bot\u00f3n Top 40"}]},{"@type":"WebSite","@id":"https:\/\/elboton.com\/los-angeles\/#website","url":"https:\/\/elboton.com\/los-angeles\/","name":"El Bot\u00f3n","description":"Toda la m\u00fasica latina y los mejores podcasts en espa\u00f1ol.","publisher":{"@id":"https:\/\/elboton.com\/los-angeles\/#organization"},"potentialAction":[{"@type":"SearchAction","target":{"@type":"EntryPoint","urlTemplate":"https:\/\/elboton.com\/los-angeles\/?s={search_term_string}"},"query-input":{"@type":"PropertyValueSpecification","valueRequired":true,"valueName":"search_term_string"}}],"inLanguage":"es"},{"@type":"Organization","@id":"https:\/\/elboton.com\/los-angeles\/#organization","name":"Entravision","url":"https:\/\/elboton.com\/los-angeles\/","logo":{"@type":"ImageObject","inLanguage":"es","@id":"https:\/\/elboton.com\/los-angeles\/#\/schema\/logo\/image\/","url":"https:\/\/elboton.com\/wp-content\/uploads\/sites\/6\/2023\/10\/evc-e.png","contentUrl":"https:\/\/elboton.com\/wp-content\/uploads\/sites\/6\/2023\/10\/evc-e.png","width":255,"height":208,"caption":"Entravision"},"image":{"@id":"https:\/\/elboton.com\/los-angeles\/#\/schema\/logo\/image\/"},"sameAs":["https:\/\/www.facebook.com\/elbotonradio\/","https:\/\/x.com\/elbotonradio","https:\/\/www.tiktok.com\/@elbotonmusica?lang=es","https:\/\/www.instagram.com\/elbotonradio\/"]}]}},"parsely":{"version":"1.1.0","canonical_url":"https:\/\/elboton.com\/stockton-modesto\/top-40\/","smart_links":{"inbound":0,"outbound":0},"traffic_boost_suggestions_count":0,"meta":{"@context":"https:\/\/schema.org","@type":"WebPage","headline":"El Bot\u00f3n Top 40","url":"http:\/\/elboton.com\/stockton-modesto\/top-40\/","mainEntityOfPage":{"@type":"WebPage","@id":"http:\/\/elboton.com\/stockton-modesto\/top-40\/"},"thumbnailUrl":"https:\/\/elboton.com\/wp-content\/uploads\/sites\/6\/2024\/01\/player-top40.png?w=150&h=150&crop=1","image":{"@type":"ImageObject","url":"https:\/\/elboton.com\/wp-content\/uploads\/sites\/6\/2024\/01\/player-top40.png"},"articleSection":"Uncategorized","author":[{"@type":"Person","name":"agomez"}],"creator":["agomez"],"publisher":{"@type":"Organization","name":"El Bot\u00f3n","logo":""},"keywords":[],"dateCreated":"2024-01-08T18:16:42Z","datePublished":"2024-01-08T18:16:42Z","dateModified":"2024-03-15T23:29:25Z"},"rendered":"<script type=\"application\/ld+json\" class=\"wp-parsely-metadata\">{\"@context\":\"https:\\\/\\\/schema.org\",\"@type\":\"WebPage\",\"headline\":\"El Bot\\u00f3n Top 40\",\"url\":\"http:\\\/\\\/elboton.com\\\/stockton-modesto\\\/top-40\\\/\",\"mainEntityOfPage\":{\"@type\":\"WebPage\",\"@id\":\"http:\\\/\\\/elboton.com\\\/stockton-modesto\\\/top-40\\\/\"},\"thumbnailUrl\":\"https:\\\/\\\/elboton.com\\\/wp-content\\\/uploads\\\/sites\\\/6\\\/2024\\\/01\\\/player-top40.png?w=150&h=150&crop=1\",\"image\":{\"@type\":\"ImageObject\",\"url\":\"https:\\\/\\\/elboton.com\\\/wp-content\\\/uploads\\\/sites\\\/6\\\/2024\\\/01\\\/player-top40.png\"},\"articleSection\":\"Uncategorized\",\"author\":[{\"@type\":\"Person\",\"name\":\"agomez\"}],\"creator\":[\"agomez\"],\"publisher\":{\"@type\":\"Organization\",\"name\":\"El Bot\\u00f3n\",\"logo\":\"\"},\"keywords\":[],\"dateCreated\":\"2024-01-08T18:16:42Z\",\"datePublished\":\"2024-01-08T18:16:42Z\",\"dateModified\":\"2024-03-15T23:29:25Z\"}<\/script>","tracker_url":"https:\/\/cdn.parsely.com\/keys\/elboton.com\/p.js"},"jetpack_sharing_enabled":true,"_links":{"self":[{"href":"https:\/\/elboton.com\/stockton-modesto\/wp-json\/wp\/v2\/pages\/1349235","targetHints":{"allow":["GET"]}}],"collection":[{"href":"https:\/\/elboton.com\/stockton-modesto\/wp-json\/wp\/v2\/pages"}],"about":[{"href":"https:\/\/elboton.com\/stockton-modesto\/wp-json\/wp\/v2\/types\/page"}],"author":[{"embeddable":true,"href":"https:\/\/elboton.com\/stockton-modesto\/wp-json\/wp\/v2\/users\/14"}],"replies":[{"embeddable":true,"href":"https:\/\/elboton.com\/stockton-modesto\/wp-json\/wp\/v2\/comments?post=1349235"}],"version-history":[{"count":2,"href":"https:\/\/elboton.com\/stockton-modesto\/wp-json\/wp\/v2\/pages\/1349235\/revisions"}],"predecessor-version":[{"id":1349283,"href":"https:\/\/elboton.com\/stockton-modesto\/wp-json\/wp\/v2\/pages\/1349235\/revisions\/1349283"}],"wp:featuredmedia":[{"embeddable":true,"href":"https:\/\/elboton.com\/stockton-modesto\/wp-json\/wp\/v2\/media\/1349233"}],"wp:attachment":[{"href":"https:\/\/elboton.com\/stockton-modesto\/wp-json\/wp\/v2\/media?parent=1349235"}],"wp:term":[{"taxonomy":"genre","embeddable":true,"href":"https:\/\/elboton.com\/stockton-modesto\/wp-json\/wp\/v2\/genre?post=1349235"},{"taxonomy":"languages","embeddable":true,"href":"https:\/\/elboton.com\/stockton-modesto\/wp-json\/wp\/v2\/languages?post=1349235"},{"taxonomy":"internal","embeddable":true,"href":"https:\/\/elboton.com\/stockton-modesto\/wp-json\/wp\/v2\/internal?post=1349235"}],"curies":[{"name":"wp","href":"https:\/\/api.w.org\/{rel}","templated":true}]}}